is the units digit of s(p)?
2
Let q = 6 - 2. Suppose -4*f + 5*n = -4, 3*f - 5*f + 2 = q*n. Let v(x) = 13*x**3 - 2*x**2 + x. What is the tens digit of v(f)?
1
Suppose -99*b - 135*b = -48*b - 1723104. What is the tens digit of b?
6
Suppose h - 3*n - n + 11 = 0, 12 = -3*h + 5*n. Suppose -4*b + 11 = -h. Suppose 0 = 3*p + 3, 5*q = b*q - 3*p + 49. What is the units digit of q?
6
Let t be 8/6*1/2*27. Let r = -18 + t. Suppose -16*k + 20*k - 704 = r. What is the tens digit of k?
7
Let h(i) = -6*i - 42. Let m be h(-7). Suppose m = -a - p + 83, 2*a - 7*p - 166 = -3*p. What is the units digit of a?
3
Let m(a) = 1709*a - 1080. What is the thousands digit of m(6)?
9
Suppose 3*l - 12*l - 27 = 0. What is the hundreds digit of 2 + l + (-737)/(2 - 3)?
7
Suppose -9*f = -5*f - 16. Suppose f*u + 5*z - z - 1820 = 0, 5*u - 2251 = z. What is the hundreds digit of u?
4
Let c = 14 - 22. Let h be 200*-16*4/c. Suppose 6*w - 16*w = -h. What is the units digit of w?
0
What is the thousands digit of 24/(-16) + (-38)/(-20) + (-371231)/(-35)?
0
Suppose 296*h + 137807 = 315*h. What is the thousands digit of h?
7
Suppose -2*k - 1 = -b - 0*b, b = 1. Suppose k = -l - 4 + 3, 3*l - 399 = -2*s. Let q = -97 + s. What is the tens digit of q?
0
Let f = 3985 - -2969. What is the thousands digit of f?
6
Let c(b) = 2279*b - 235. What is the tens digit of c(2)?
2
Let b = 27 - 54. Let r be (-16)/(-112) - b/7. Suppose 10*q - 438 = r*q. What is the tens digit of q?
7
Let l = 2752 - 506. What is the tens digit of l?
4
Let a = -26660 + 71796. What is the units digit of a?
6
Let c(l) = l**3 - 8*l**2 - 8*l - 15. Let s be c(9). Let a(p) be the third derivative of -p**4/4 + 8*p**3/3 - 38*p**2. What is the units digit of a(s)?
2
Suppose 5*f - 81*a + 76*a = 8140, -6 = 3*a. What is the tens digit of f?
2
Let g(y) = -4*y - 36. Suppose 10*b + 126 - 26 = 0. Let x be g(b). What is the units digit of (212 - x) + 0/2?
8
Let n(v) = -3*v**2 + 5*v. Let g be n(-1). What is the hundreds digit of (3834/45)/(g/(-60))?
6
What is the tens digit of (-9 + (-70)/20)*(-23692)/10?
1
Let h(z) = 34*z + 145. Let l be h(-4). Suppose 0 = -l*o + 5603 + 1921. What is the tens digit of o?
3
Let g be (9/5 - 2) + 496/(-20). Let f = 21 + g. What is the tens digit of -16*(-2 - f)*9/(-2)?
4
Let z = -88 - -92. What is the units digit of (-450)/(-3*z/8 - 0)?
0
Let a be 195/3*-316*6/(-24). Suppose -5*z + 43*r = 41*r - 5130, -5*z + 3*r + a = 0. What is the thousands digit of z?
1
Let f be ((-5)/15)/((-2)/6). Let x(q) = -10*q + 4 - f - 6 - 10*q. What is the tens digit of x(-7)?
3
Suppose -5*g - 20 = 4*h, -7*h + 11*h = -3*g - 12. Suppose -25*l + l + 11568 = h. What is the hundreds digit of l?
4
Let t be -11*(-2 - 22)*2/6. What is the units digit of (-4)/5*(-41140)/t?
4
Suppose -k = 7*p - 5*p - 1257, 0 = -p - k + 630. Let a be 1/(0 + 2/4). Suppose a*g = -9*g + p. What is the units digit of g?
7
Suppose 2*d = -f + 61618, -8*f = -d - 5*f + 30788. What is the thousands digit of d?
0
Let y(l) = -60*l**2 - 2*l - 3. Let g be y(4). Let a = g + 1848. What is the hundreds digit of a?
8
Let s be (7 + -4)/(-6)*-146. Let v = 85 - s. Suppose v = d + 3*z - 6, -4*z - 71 = -5*d. What is the tens digit of d?
1
Let w be ((-15)/(-75) - (-12)/(-10)) + 372. Suppose -3*q + 1117 = -4*j - j, 2*j = q - w. Suppose 7*x - q = 132. What is the units digit of x?
3
Let g(z) = 4*z**2 - 62 - 25*z**2 + 20*z**2 + 27*z. What is the tens digit of g(12)?
1
Let u = -42 - -44. Suppose u*v - 211 = 67. What is the units digit of v?
9
Suppose -67 = 2*f + 93. Let o = 18 - f. What is the tens digit of (1 - -2) + 1 + -4 + o?
9
Suppose 0 = -42*d + 43*d - u - 1871, 5*d - 9361 = 8*u. What is the units digit of d?
9
Suppose -3*q - 2*q = -3*n + 830, 2*n + 3*q - 566 = 0. Let a(i) = 24*i**3 - i**2 - 2. Let l be a(-2). Let c = n + l. What is the units digit of c?
2
Suppose -4*i + 2*g + 32 = 6*g, 3*g - 28 = -4*i. Suppose 4*f - 107 - 403 = -n, -i*f = -3*n - 518. What is the hundreds digit of f?
1
Let o(p) = 52*p + 33. Let d be o(10). Let v = d + 179. What is the hundreds digit of v?
7
Let f = 11697 + -4181. What is the hundreds digit of f?
5
Let j = -10 + 26. Let f(m) = 29*m**2 - 17*m**2 - j*m**2 - 11*m - m**3 - 1. What is the units digit of f(-5)?
9
Suppose 51*a - r - 45878 = 47*a, 3*a - 34386 = -3*r. What is the hundreds digit of a?
4
Suppose -j = 9*j + 60. Let x = j - -2. What is the units digit of 0 + 2 + x + 91?
9
Let m(c) = -2*c**2 - 15*c + 13. Let x be m(-8). Suppose x*v = 39 - 59. What is the hundreds digit of (418/v - 2)/((-9)/12)?
1
Let a be (2/(-6))/(30/(-720)). Suppose -253 - 637 = -2*n. Suppose -3*k = -a*k + n. What is the units digit of k?
9
Suppose 59534 = 26*a + 7976. What is the hundreds digit of a?
9
Let l(m) = 19*m - 581. Let c be l(0). Let o = 1080 + c. What is the hundreds digit of o?
4
Let n(w) be the first derivative of 206*w**3/3 + w**2/2 - 2*w + 6. Let p be n(-2). What is the units digit of (p/60)/(1/6)?
2
Suppose 5*j - 12 = 7*j. Let p = j - -90. Suppose 0 = -3*g + p + 117. What is the tens digit of g?
6
Suppose -2*s - 2*s + 5176 = -4*m, -4*m = 4*s + 5144. Let n = m + 2734. What is the hundreds digit of n?
4
Let t(q) = -111*q**2 + 6*q - 10. Let z be t(3). Let v = 1407 + z. Suppose -2*k = 3*n + 109 - v, 4*n - 3*k = 415. What is the units digit of n?
3
Let a(n) = -n**2 + 6*n - 2. Let p be a(2). Let w(q) = -43*q + 45. Let v be w(p). Let j = 319 + v. What is the hundreds digit of j?
1
Let s = 406 + 661. Let g = s - 64. What is the thousands digit of g?
1
Suppose -2*t - 5*q = -16351, 16358 = -29*t + 31*t - 2*q. What is the tens digit of t?
7
Let j(g) = 711*g**2 - 16*g + 4. Let l be j(4). Suppose 63*w - 17*w - l = 0. What is the units digit of w?
6
Let q(v) = -v**3 + 4*v**2 - 3*v. Let j be q(2). Suppose -3*b = -0*y + y - 17, 10 = 5*b - j*y. Suppose b*d + 106 = 306. What is the units digit of d?
0
Suppose -125 = -f - 122, -2*f - 11512 = -2*i. What is the units digit of i?
9
Let l = -3162 - -4644. Suppose 4*p + a - 2808 = 0, 2*p + 4*a = -64 + l. What is the tens digit of p?
0
Let n(p) = 64*p + 13. Let u be n(4). Suppose 4*i - 211 = -s, -u = -5*i - 2*s - s. What is the units digit of i?
2
Suppose 5*l = 5*m - 35, 5*m - 12 - 2 = -2*l. Let n(g) = 16*g**3 - 4*g**2 + 6*g - 18. What is the tens digit of n(m)?
6
Suppose -14*j - 3 = -11*j. What is the hundreds digit of (-2)/(-3)*(-7905)/10*j?
5
Suppose -5*h = -11*h + 6. What is the units digit of h + -11 + 6 - -375?
1
Let t(i) be the first derivative of i**3/3 + 3*i**2/2 - 3. Suppose 9 + 0 = 2*j - w, 3*j = -4*w + 8. What is the tens digit of t(j)?
2
Let n = -454 + 2152. Suppose -u - 2*j + 325 = -248, 0 = 3*u - j - n. What is the units digit of u?
7
Suppose -303 = -i + 276. Let z = 835 - i. Suppose -3*l + 537 = 3*u, u = l + 85 - z. What is the hundreds digit of l?
1
Let o(h) = 5798*h**2 + 270*h - 6. What is the ten thousands digit of o(-3)?
5
Let y = -10 + 17. Suppose -3*k + y*k = 5*k. Suppose 2*a + 58 - 248 = k. What is the tens digit of a?
9
Let x = -27 - -34. Let m(p) = -x - 7 - 9 - 32*p + 34. What is the units digit of m(-3)?
7
Let z(k) = -2*k**3 + 41*k**2 - 35*k + 47. Let t(h) = 3*h**3 - 61*h**2 + 52*h - 71. Let w(q) = 5*t(q) + 7*z(q). What is the tens digit of w(18)?
4
Suppose -3*c = -p + c + 12, -3*p + 2*c + 56 = 0. Suppose m + 5*v - 71 - p = 0, 12 = -3*v. What is the units digit of m?
1
Suppose 3*s + 25 = 8*s. Suppose s*m - 12 = -2*w + 6, 5*w - 3*m = 14. Let l(r) = 44*r + 11. What is the tens digit of l(w)?
8
Let z = 171 - 201. What is the tens digit of z/(-100) + (-20254)/(-20)?
1
Suppose 0 = 3*h + r - 58, 0 = 2*h - 4*h - r + 37. Let s = -14 + h. What is the tens digit of 1*(106 - (-3 + s))?
0
Suppose -6*y + 262 = -704. Suppose -165*h + 2080 = -y*h. What is the tens digit of h?
2
What is the tens digit of (-30 - 793/(-26))/(2*1/64868)?
1
What is the ten thousands digit of 44481 + 3 + -2 + 0 + (-35 - -32)?
4
Let g(f) be the third derivative of -3*f**4/8 - 17*f**3/6 - 20*f**2. Let m be g(-7). What is the tens digit of (-7)/((-21)/m)*6?
9
Let v(k) be the second derivative of -k**3/3 + 21*k**2/2 + 9*k. Let j be v(9). Suppose 4*t = -j*z + 680, 715 + 135 = 5*t - 4*z. What is the tens digit of t?
7
Let f(z) be the second derivative of -z**5/20 + z**4/2 + z**3 + z**2 - 64*z. What is the units digit of f(-7)?
7
Let g(f) = 66*f + 381.